 - 49*z. What are the prime factors of z?
2, 3, 5
Let m(r) = 6*r**2 + r - 1. Let l be m(1). Suppose 3*n = -y + 24, -2*n + 22 = -3*y + l. Suppose 0 = -s - n + 22. List the prime factors of s.
2, 7
Suppose -3*t - 2*m + 46 = -t, -5*t - 3*m + 105 = 0. Suppose 2*b = 3*d + 20, d + 2*b + 16 = -2*b. Let r = t + d. What are the prime factors of r?
2, 5
Suppose h - 269 = -3*f, -96 = 3*f + 4*h - 371. List the prime factors of f.
89
Let f(s) = -s**2 + 7*s - 5. Let g(b) = 5*b**2 + b. Let m be g(-1). List the prime factors of f(m).
7
Let a(o) = -o + 12. Let r = 5 + -4. Let t be 9 - (r - 2/2). List the prime factors of a(t).
3
Let d(z) = -7*z**3 - z**2 + z + 1. Suppose 4*a + 4 = -2*p + p, 5 = -5*a + 3*p. List the prime factors of d(a).
2, 3
Let z = 5 - 2. Suppose z*l - 38 = 19. List the prime factors of l.
19
Suppose -a + 140 = 4*a + c, -4*a + 123 = 3*c. Let p = -65 - -103. Let r = p - a. What are the prime factors of r?
11
Let w = -13 - -21. List the prime factors of w.
2
Let i(x) = x + 0*x**2 + 6*x**2 - 2*x**2. What are the prime factors of i(1)?
5
Let i be 35/(-45) + 2/(-9). Suppose 0 = -s + 2 - 5. Let x = i - s. List the prime factors of x.
2
Suppose -4*k + 111 = 3*m, -3*m + 21 = 2*k - 30. What are the prime factors of k?
2, 3, 5
Let q(w) = 2*w**2 + 6*w. Suppose -2*x - 6 = 2. Let y be q(x). Suppose m = 22 - y. What are the prime factors of m?
2, 7
Let h be 2/(-7) - (-69)/21. Suppose -h*a + 167 = 5*r, -3*r = -r + 3*a - 74. What are the prime factors of r?
31
Let c = 15 + -9. List the prime factors of c.
2, 3
Let d(l) = 2*l**2 + 3*l - 2. List the prime factors of d(-5).
3, 11
Let n(d) = 3*d**2 + d + 6. List the prime factors of n(-5).
2, 19
Let n = 12 - 7. Suppose -n*j - 25 = 0, 0*h - h = j - 7. What are the prime factors of h?
2, 3
Let j = -31 - -75. Suppose 3*k - 46 = j. What are the prime factors of k?
2, 3, 5
Suppose -2*o - 2*l = 0, -4 = 3*o + 5*l - 6. List the prime factors of 2 + (o - 0 - -5).
2, 3
Let p be 190 + 3/3*3. Suppose 5*o = -4*j + 179, 2*j + 4*o + p = 7*j. List the prime factors of j.
41
Let z(d) = -d**3 + 6*d**2 - d + 8. Let l be z(6). Suppose 3*f = l*f + 5. What are the prime factors of f?
5
Let p(a) = -a + 4. Let i be p(4). Suppose i = -u - 2*d + d + 20, -5*u - 2*d = -109. What are the prime factors of u?
23
Let q(y) = 2*y**2 - 4*y - 16. What are the prime factors of q(-10)?
2, 7
Suppose 5*z + 66 = 2*z. Let h = z - -40. List the prime factors of h.
2, 3
Let h = 5 - 2. Suppose -2*i - 2 = h*o - 5, -25 = 5*o. List the prime factors of i.
3
Suppose -5*g = -2*z - 2*z - 311, -2*g + 122 = -4*z. What are the prime factors of g?
3, 7
Suppose q = 5*c - 210, 0 = 3*q - 2*q + 5. What are the prime factors of c?
41
Suppose 4*b + 31 = 11. What are the prime factors of 10/(-25) + (-12)/b?
2
Suppose 41 = 4*m + 5*q - 34, 101 = 5*m - q. List the prime factors of m.
2, 5
Suppose 5*a - 452 = -4*i, 0 = -2*a + 4*a + 8. What are the prime factors of i?
2, 59
Suppose -2*h + h = 4*j - 77, 2*j = -4*h + 28. List the prime factors of j.
2, 5
Suppose -m + 21 = -4. Let l = 10 + -28. Let a = m + l. List the prime factors of a.
7
List the prime factors of 112/(-24)*(-90)/7.
2, 3, 5
Let l = 35 - 22. What are the prime factors of l?
13
Let r(q) = q - 2. Let m(v) = v**2 + 2. Let o be m(-2). Let d be r(o). What are the prime factors of (-8)/6*(-6)/d?
2
Let i(f) = f - 4. What are the prime factors of i(21)?
17
Suppose 2*t = -3*z + 103, 110 = 4*z - 3*t - 50. List the prime factors of z.
37
Let i = 14 + -4. What are the prime factors of i?
2, 5
Let m = 137 + -85. List the prime factors of m.
2, 13
Suppose l + l = 38. What are the prime factors of l?
19
Suppose 4*w - 874 = -2*z, 0 = -3*w - 0*w - 4*z + 668. List the prime factors of w.
2, 3
Let l be (-6)/(-2) + (-5 - -4). Suppose 4*c - l*v + 7*v = 143, 4*c + v = 131. Suppose -4*n - 2*h + 16 = -4*h, -2*h = 4*n - c. What are the prime factors of n?
2, 3
List the prime factors of 10/(4/(2 - -2)).
2, 5
List the prime factors of 1/(-4) + (-4)/((-64)/1204).
3, 5
Let l = 15 + -10. Let h be (0 - 1)/1 - -6. Suppose -2*x = 3*t + 2, h*x + 17 + l = t. What are the prime factors of t?
2
Let z be (-10)/4*6/(-5). Suppose 54 = z*s + 12. What are the prime factors of s?
2, 7
Let z(y) = -y**2 + 6*y - 5. Let v be z(4). Suppose -x = v*x - 24. Suppose x*d = d + 50. List the prime factors of d.
2, 5
Suppose -a + 3*d = -32, 3*a + 3*d = -2*a + 70. Suppose -s = -a + 7. List the prime factors of s.
2, 5
Suppose 0*i = 2*i - 4. Suppose 13 = -i*v + 3*v. List the prime factors of v.
13
Let i(p) = p**2 + 9*p + 3. Let f be i(-6). Let c be 5*3*(-6)/f. Let s(j) = -j**3 + 6*j**2 + 5*j - 9. List the prime factors of s(c).
3, 7
Let s = 30 + -5. List the prime factors of s.
5
Suppose 3*c = -c - 12. Let z = c + 6. Suppose h - 11 = -z*o, 0*o = h - o - 3. What are the prime factors of h?
5
Suppose 2*k + 1 = 39. Let l be 33/7 + 2/7. Suppose l*s + 5*v = 40, 2*s - 4*v - k - 9 = 0. List the prime factors of s.
2, 5
Suppose -2*m - 4*a = -54, m + 0*m - 26 = -a. Suppose v + m = 6*v. List the prime factors of v.
5
Let i(y) = 1. Let m(g) = -g + 1. Let t(k) = -2*i(k) + 2*m(k). Let c be t(-2). Suppose -2*w + 36 = c*a, 5*a - 14 = -5*w + 26. List the prime factors of a.
2, 5
Suppose 0 = -u - 2*u + 3. Suppose 3*h - u - 5 = 0. What are the prime factors of ((-1)/h)/(-1)*12?
2, 3
Let z = 237 - 66. What are the prime factors of z?
3, 19
List the prime factors of 4/(-5)*70/(-4).
2, 7
Let l(c) = 13*c**2 - c. Let t be l(2). Suppose -8 = f - t. What are the prime factors of f?
2, 3, 7
Suppose -70 - 200 = 5*w. Let f be 5*(-2)/(4/6). What are the prime factors of 4/10 + w/f?
2
Suppose -6*t + 79 + 77 = 0. List the prime factors of t.
2, 13
Let z be 4/(-18) + (-194)/18. Let w = 25 + z. List the prime factors of w.
2, 7
Suppose -6 = -2*r - 0*r. Let v(x) = -x + 5. Let f be v(-11). Suppose 0 = s - a, f = 2*s + 3*s + r*a. What are the prime factors of s?
2
Suppose 2*r = -2*r. Let y be (1 + r/(-3))/(-1). Let f = y - -4. What are the prime factors of f?
3
Let i = -55 + 85. Let n = i - -19. Suppose -5*b = -n - 11. What are the prime factors of b?
2, 3
Let j be -1 + (30 + -2 - 1). Let f = 17 + -1. Let n = j - f. List the prime factors of n.
2, 5
Let z = 59 - 52. What are the prime factors of z?
7
Suppose k - 6 = -k. Let q be (-1)/3 + (-1)/(-3). Suppose q = k*l - 15 + 3. What are the prime factors of l?
2
Suppose 2*z - 3 = y, -2*y + 29 = z + 3*y. Suppose 0*m - 2*m = -z. Suppose 31 = m*j + j - d, 3*j - 3*d = 33. List the prime factors of j.
2, 5
Let s be (-211)/4 + 3/(-12). Let t be 4/10 - s/5. Suppose 3*h - t = 10. List the prime factors of h.
7
Let h(t) = t**2 - 3*t - 6. Let k be h(7). List the prime factors of (-4)/k - 488/(-22).
2, 11
Let p(h) = h**2 + 17*h + 57. What are the prime factors of p(-17)?
3, 19
Suppose 3 - 2 = -y - 4*l, -5*y = 4*l + 5. List the prime factors of (y + 2)*(-44)/(-2).
2, 11
Suppose -5*j + 97 = 3*m, 5*m - 150 = 5*j + 25. What are the prime factors of m?
2, 17
Suppose 0*b - 5*b = -435. List the prime factors of b.
3, 29
Suppose -6*i + 8*i - 22 = 0. What are the prime factors of i?
11
Suppose -3*t + 1332 = 6*t. List the prime factors of t.
2, 37
Suppose -a + 96 = -25. List the prime factors of a.
11
Let z be 3*(-4 + 2 + -3). Let j be z/21 - (-2)/(-7). List the prime factors of ((-33)/12)/(j/4).
11
Suppose 0*m - 18 = -3*m. Let c = m + 9. What are the prime factors of c?
3, 5
Let y = 16 + -43. Let b = y - -41. What are the prime factors of b?
2, 7
Suppose -118 = -4*g + 2*k, -6*k + 4*k + 85 = 3*g. Suppose -4*s = 5*r - 74, 2*r = s - 2*r - g. What are the prime factors of s?
3, 7
Let s(j) = -4 + 4 - 4*j**2 + 0*j**3 + j**3 + 3*j. Let o be s(3). Suppose v + o*k - 8 = 4*k, v = k + 8. What are the prime factors of v?
2
List the prime factors of ((-1)/((-1)/14))/1.
2, 7
Suppose -5*j + 6 = 3*c - 84, c = 5. List the prime factors of j.
3, 5
Let m = -8 + 13. Suppose 0 = 3*l - 4 - m. Suppose l*z - 27 = -p, 0*p - 3*p + 49 = 5*z. What are the prime factors of z?
2
Let d(h) = -h - 16. Let u(b) = 2 + 3*b + 1 - 2*b - 4. Let q(o) = -d(o) - 2*u(o). What are the prime factors of q(0)?
2, 3
Suppose -t - 2*j + 130 = t, 128 = 2*t + 3*j. Let v = t - 32. What are the prime factors of v?
5, 7
Suppose -2*s = 3*s + 15. Let z = -31 - -34. List the prime factors of (7/z + s)*-12.
2
Let p(g) = -g**3 + 3*g